{"id":88,"date":"2015-01-11T13:24:07","date_gmt":"2015-01-11T12:24:07","guid":{"rendered":"http:\/\/mvscada.com\/public\/?page_id=88"},"modified":"2020-03-21T10:44:07","modified_gmt":"2020-03-21T09:44:07","slug":"politica-de-privacidad","status":"publish","type":"page","link":"https:\/\/mvscada.com\/public\/politica-de-privacidad\/","title":{"rendered":"Pol\u00edtica de Privacidad"},"content":{"rendered":"\n<p>\n<strong>1.\nDATOS DEL RESPONSABLE DEL TRATAMIENTO<\/strong>\n\n<\/p>\n\n\n\n<p> Raz\u00f3n Social: MEGAVATIO PROYECTOS SL (en adelante, la \u201cEmpresa\u201d o el \u201cResponsable\u201d). <br> CIF: B47782966<br> Domicilio: C\/ CARPINTERIA 1 NAVE F &#8211; 47610 &#8211; ZARATAN &#8211; VALLADOLID<br> Tel\u00e9fono: 625031125 (laborables de 07:00 a 15:00) <br> Email para comunicaciones en materia de Protecci\u00f3n de datos: admon [arroba] megaproyectos.es<\/p>\n\n\n\n<p>\n<strong>1.1.\nNormativa aplicable<\/strong>\n\n<\/p>\n\n\n\n<p>\nNuestra\nPol\u00edtica de Privacidad se ha dise\u00f1ado de acuerdo con el <strong>Reglamento\nGeneral de Protecci\u00f3n de Datos de la UE 2016\/679 del Parlamento\nEuropeo <\/strong>y\ndel Consejo, de 27 de abril de 2016, relativo a la protecci\u00f3n de las\npersonas f\u00edsicas en lo que respecta al tratamiento de datos\npersonales y a la libre circulaci\u00f3n de estos datos y por el que se\nderoga la Directiva 95\/46\/CE (Reglamento general de protecci\u00f3n de\ndatos), y la Ley Org\u00e1nica 3\/2018 del 5 de diciembre, de Protecci\u00f3n\nde Datos de Car\u00e1cter Personal y Garant\u00eda de los Derechos Digitales.\n\n<\/p>\n\n\n\n<p>\nAl\nfacilitarnos sus datos, Usted declara haber le\u00eddo y conocer la\npresente Pol\u00edtica de Privacidad, prestando su consentimiento\ninequ\u00edvoco y expreso al tratamiento de sus datos personales de\nacuerdo a las finalidades y t\u00e9rminos aqu\u00ed expresados. \n<\/p>\n\n\n\n<p>\nLa\nEmpresa podr\u00e1 modificar la presente Pol\u00edtica de Privacidad para\nadaptarla a las novedades legislativas, jurisprudenciales o de\ninterpretaci\u00f3n de la Agencia Espa\u00f1ola de Protecci\u00f3n de Datos.\nEstas condiciones de privacidad podr\u00e1n ser complementadas por el\nAviso Legal, Pol\u00edtica de Cookies y las Condiciones Generales que, en\nsu caso, se recojan para determinados productos o servicios, si dicho\nacceso supone alguna especialidad en materia de protecci\u00f3n de datos\nde car\u00e1cter personal. \n<\/p>\n\n\n\n<p>\n<strong>1.2.\nDelegado de Protecci\u00f3n de Datos<\/strong><\/p>\n\n\n\n<p>\nNo\nhay Delegado de Protecci\u00f3n de Datos designado.<\/p>\n\n\n\n<p>\n<strong>2.\nFINALIDAD DEL TRATAMIENTO DE LOS DATOS PERSONALES<\/strong>\n\n<\/p>\n\n\n\n<p>\nEl\ntratamiento que realizamos de sus datos personales responde a las\nsiguientes finalidades: \n<\/p>\n\n\n\n<p>\n&#8211;\nProporcionarle informaci\u00f3n relacionada con los productos y servicios\nque ofrece nuestra empresa y que detallan en este web site.<\/p>\n\n\n\n<p>\n&#8211;\nRealizar la contrataci\u00f3n de nuestros servicios mediante la\naceptaci\u00f3n del correspondiente presupuesto \/ pedido y\/o la firma de\nun contrato mercantil. \n<\/p>\n\n\n\n<p>\n&#8211;\nEnviarle por correo electr\u00f3nico y\/o postal las noticias y novedades\nacerca de nuestra entidad, as\u00ed como las actualizaciones de nuestro\ncat\u00e1logo de productos y servicios.<\/p>\n\n\n\n<p>\n<strong>2.1.\nPlazo de Conservaci\u00f3n de sus datos<\/strong>\n\n<\/p>\n\n\n\n<p>\nConservaremos\nsus datos personales desde que nos d\u00e9 su consentimiento hasta que lo\nrevoque o bien solicite la limitaci\u00f3n del tratamiento. En tales\ncasos, mantendremos sus datos de manera bloqueada durante los plazos\nlegalmente exigidos. \n<\/p>\n\n\n\n<p>\n<strong>3.\nLEGITIMACI\u00d3N Y DATOS RECABADOS<\/strong>\n\n<\/p>\n\n\n\n<p>\nLa\nlegitimaci\u00f3n para el tratamiento de sus datos es el consentimiento\nexpreso otorgado mediante un acto positivo y afirmativo (rellenar el\nformulario correspondiente y marcar la casilla de aceptaci\u00f3n de esta\npol\u00edtica) en el momento de facilitarnos sus datos personales. \n<\/p>\n\n\n\n<p>\n<strong>3.1.\nConsentimiento para tratar sus datos<\/strong>\n\n<\/p>\n\n\n\n<p>\nAl\nrellenar los formularios, marcar la casilla \u201cAcepto la Pol\u00edtica de\nPrivacidad\u201d y hacer clic para enviar los datos, o al remitir\ncorreos electr\u00f3nicos a la Empresa a trav\u00e9s de las cuentas\nhabilitadas al efecto, el Usuario manifiesta haber le\u00eddo y aceptado\nexpresamente la presente pol\u00edtica de privacidad, y otorga su\nconsentimiento inequ\u00edvoco y expreso al tratamiento de sus datos\npersonales conforme a las finalidades indicadas. \n<\/p>\n\n\n\n<p>\n<strong>3.2.\nCategor\u00edas de datos<\/strong>\n\n<\/p>\n\n\n\n<p>\nLos\ndatos que se recaban se refieren a la categor\u00eda de datos\nidentificativos, como pueden ser: Nombre y Apellidos, Tel\u00e9fono,\nDirecci\u00f3n Postal, Empresa, Correo electr\u00f3nico, as\u00ed como la\ndirecci\u00f3n IP desde donde accede al formulario de recogida de datos.<\/p>\n\n\n\n<p>\n<strong>4.\nMEDIDAS DE SEGURIDAD<\/strong>\n\n<\/p>\n\n\n\n<p>\nDentro\nde nuestro compromiso por garantizar la seguridad y confidencialidad\nde sus datos de car\u00e1cter personal, le informamos que se han adoptado\nlas medidas de \u00edndole t\u00e9cnica y organizativas necesarias para\ngarantizar la seguridad de los datos de car\u00e1cter personal y evitar\nsu alteraci\u00f3n, p\u00e9rdida, tratamiento o acceso no autorizado, habida\ncuenta del estado de la tecnolog\u00eda, la naturaleza de los datos\nalmacenados y los riesgos a que est\u00e9n expuestos, seg\u00fan el Art. 32\ndel RGPD EU 679\/2016.<\/p>\n\n\n\n<p>\n<strong>5.\nCESI\u00d3N DE DATOS<\/strong>\n\n<\/p>\n\n\n\n<p>\nNo\nse prev\u00e9n cesiones de datos ni transferencias internacionales de sus\ndatos, a excepci\u00f3n de las autorizadas por la legislaci\u00f3n fiscal,\nmercantil y de telecomunicaciones as\u00ed como en aquellos casos en los\nque una autoridad judicial nos lo requiera.<\/p>\n\n\n\n<p>\n<strong>6.\nDERECHOS DEL USUARIO<\/strong>\n\n<\/p>\n\n\n\n<p>\nCualquier\ninteresado tiene derecho a obtener confirmaci\u00f3n sobre si estamos\ntratando datos personales que le conciernan, o no. Las personas\ninteresadas tienen derecho a acceder a sus datos personales, as\u00ed\ncomo a solicitar la rectificaci\u00f3n de los datos inexactos o, en su\ncaso, solicitar su supresi\u00f3n cuando, entre otros motivos, los datos\nya no sean necesarios para los fines que fueron recogidos. En\ndeterminadas circunstancias, los interesados podr\u00e1n solicitar la\nlimitaci\u00f3n del tratamiento de sus datos, en cuyo caso \u00fanicamente\nlos conservaremos para el ejercicio o la defensa de reclamaciones.\nPor motivos relacionados con su situaci\u00f3n particular, los\ninteresados podr\u00e1n oponerse al tratamiento de sus datos. El\nResponsable del fichero dejar\u00e1 de tratar los datos, salvo por\nmotivos leg\u00edtimos imperiosos, o el ejercicio o la defensa de\nposibles reclamaciones.<\/p>\n\n\n\n<p>\nDe\nacuerdo con la legislaci\u00f3n vigente tiene los siguientes derechos:\nderecho a solicitar el acceso a sus datos personales, derecho a\nsolicitar su rectificaci\u00f3n o supresi\u00f3n, derecho a solicitar la\nlimitaci\u00f3n de su tratamiento, derecho a oponerse al tratamiento,\nderecho a la portabilidad de los datos y as\u00ed mismo, a revocar el\nconsentimiento otorgado. Asimismo, tiene derecho a presentar una\nreclamaci\u00f3n ante la Agencia Espa\u00f1ola de Protecci\u00f3n de Datos. \n<\/p>\n\n\n\n<p>\n<strong>6.1.\n\u00bfC\u00f3mo ejercitar mis derechos?<\/strong>\n\n<\/p>\n\n\n\n<p> Para ejercer sus derechos, debe dirigirse al responsable, solicitando el correspondiente formulario para el ejercicio del derecho elegido. Opcionalmente, puede acudir a la Autoridad de Control competente para obtener informaci\u00f3n adicional acerca de sus derechos. Los datos de contacto para el ejercicio de sus derechos son el tel\u00e9fono <strong>625031125<\/strong> y el correo electr\u00f3nico: <strong>admon [arroba] megaproyectos.es<\/strong>. Recuerde acompa\u00f1ar una copia de un documento que nos permita identificarle.<\/p>\n\n\n\n<p>\n<strong>7.\nCONSENTIMIENTO PARA ENV\u00cdO DE COMUNICACIONES ELECTR\u00d3NICAS<\/strong><\/p>\n\n\n\n<p>\nAs\u00ed\nmismo, y de acuerdo con lo establecido en la Ley 34\/2002, de 11 de\njulio, de Servicios de la Sociedad de la Informaci\u00f3n y del Comercio\nElectr\u00f3nico, completando el formulario de recogida de datos y\nmarcando la correspondiente casilla \u201cAcepto el env\u00edo de\ncomunicaciones electr\u00f3nicas\u201d, est\u00e1 otorgando el consentimiento\nexpreso para enviarle a su direcci\u00f3n de correo electr\u00f3nico,\ntel\u00e9fono, fax u otro medio electr\u00f3nico en env\u00edo de informaci\u00f3n\nacerca de la Empresa.<\/p>\n","protected":false},"excerpt":{"rendered":"<p>1. DATOS DEL RESPONSABLE DEL TRATAMIENTO Raz\u00f3n Social: MEGAVATIO PROYECTOS SL (en adelante, la \u201cEmpresa\u201d o el \u201cResponsable\u201d). CIF: B47782966 Domicilio: C\/ CARPINTERIA 1 NAVE F &#8211; 47610 &#8211; ZARATAN &#8211; VALLADOLID Tel\u00e9fono: 625031125 (laborables de 07:00 a 15:00) Email para comunicaciones en materia de Protecci\u00f3n de datos: admon [arroba] megaproyectos.es 1.1. Normativa aplicable Nuestra<\/p>\n","protected":false},"author":1,"featured_media":0,"parent":0,"menu_order":0,"comment_status":"closed","ping_status":"closed","template":"","meta":{"footnotes":""},"class_list":["post-88","page","type-page","status-publish","hentry"],"yoast_head":"<!-- This site is optimized with the Yoast SEO plugin v27.4 - https:\/\/yoast.com\/product\/yoast-seo-wordpress\/ -->\n<title>Pol\u00edtica de Privacidad - MVScada<\/title>\n<meta name=\"robots\" content=\"index, follow, max-snippet:-1, max-image-preview:large, max-video-preview:-1\" \/>\n<link rel=\"canonical\" href=\"https:\/\/mvscada.com\/public\/politica-de-privacidad\/\" \/>\n<meta property=\"og:locale\" content=\"es_ES\" \/>\n<meta property=\"og:type\" content=\"article\" \/>\n<meta property=\"og:title\" content=\"Pol\u00edtica de Privacidad - MVScada\" \/>\n<meta property=\"og:description\" content=\"1. DATOS DEL RESPONSABLE DEL TRATAMIENTO Raz\u00f3n Social: MEGAVATIO PROYECTOS SL (en adelante, la \u201cEmpresa\u201d o el \u201cResponsable\u201d). CIF: B47782966 Domicilio: C\/ CARPINTERIA 1 NAVE F &#8211; 47610 &#8211; ZARATAN &#8211; VALLADOLID Tel\u00e9fono: 625031125 (laborables de 07:00 a 15:00) Email para comunicaciones en materia de Protecci\u00f3n de datos: admon [arroba] megaproyectos.es 1.1. Normativa aplicable Nuestra\" \/>\n<meta property=\"og:url\" content=\"https:\/\/mvscada.com\/public\/politica-de-privacidad\/\" \/>\n<meta property=\"og:site_name\" content=\"MVScada\" \/>\n<meta property=\"article:modified_time\" content=\"2020-03-21T09:44:07+00:00\" \/>\n<meta name=\"twitter:card\" content=\"summary_large_image\" \/>\n<meta name=\"twitter:label1\" content=\"Tiempo de lectura\" \/>\n\t<meta name=\"twitter:data1\" content=\"6 minutos\" \/>\n<script type=\"application\/ld+json\" class=\"yoast-schema-graph\">{\"@context\":\"https:\\\/\\\/schema.org\",\"@graph\":[{\"@type\":\"WebPage\",\"@id\":\"https:\\\/\\\/mvscada.com\\\/public\\\/politica-de-privacidad\\\/\",\"url\":\"https:\\\/\\\/mvscada.com\\\/public\\\/politica-de-privacidad\\\/\",\"name\":\"Pol\u00edtica de Privacidad - MVScada\",\"isPartOf\":{\"@id\":\"https:\\\/\\\/mvscada.com\\\/public\\\/#website\"},\"datePublished\":\"2015-01-11T12:24:07+00:00\",\"dateModified\":\"2020-03-21T09:44:07+00:00\",\"breadcrumb\":{\"@id\":\"https:\\\/\\\/mvscada.com\\\/public\\\/politica-de-privacidad\\\/#breadcrumb\"},\"inLanguage\":\"es\",\"potentialAction\":[{\"@type\":\"ReadAction\",\"target\":[\"https:\\\/\\\/mvscada.com\\\/public\\\/politica-de-privacidad\\\/\"]}]},{\"@type\":\"BreadcrumbList\",\"@id\":\"https:\\\/\\\/mvscada.com\\\/public\\\/politica-de-privacidad\\\/#breadcrumb\",\"itemListElement\":[{\"@type\":\"ListItem\",\"position\":1,\"name\":\"Portada\",\"item\":\"https:\\\/\\\/mvscada.com\\\/public\\\/\"},{\"@type\":\"ListItem\",\"position\":2,\"name\":\"Pol\u00edtica de Privacidad\"}]},{\"@type\":\"WebSite\",\"@id\":\"https:\\\/\\\/mvscada.com\\\/public\\\/#website\",\"url\":\"https:\\\/\\\/mvscada.com\\\/public\\\/\",\"name\":\"MVScada\",\"description\":\"Monitorizaci\u00f3n, control y gesti\u00f3n de instalaciones solares fotovoltaicas\",\"publisher\":{\"@id\":\"https:\\\/\\\/mvscada.com\\\/public\\\/#organization\"},\"potentialAction\":[{\"@type\":\"SearchAction\",\"target\":{\"@type\":\"EntryPoint\",\"urlTemplate\":\"https:\\\/\\\/mvscada.com\\\/public\\\/?s={search_term_string}\"},\"query-input\":{\"@type\":\"PropertyValueSpecification\",\"valueRequired\":true,\"valueName\":\"search_term_string\"}}],\"inLanguage\":\"es\"},{\"@type\":\"Organization\",\"@id\":\"https:\\\/\\\/mvscada.com\\\/public\\\/#organization\",\"name\":\"Megavatio Proyectos S.L.\",\"url\":\"https:\\\/\\\/mvscada.com\\\/public\\\/\",\"logo\":{\"@type\":\"ImageObject\",\"inLanguage\":\"es\",\"@id\":\"https:\\\/\\\/mvscada.com\\\/public\\\/#\\\/schema\\\/logo\\\/image\\\/\",\"url\":\"https:\\\/\\\/mvscada.com\\\/public\\\/wp-content\\\/uploads\\\/2021\\\/11\\\/cropped-cropped-Logo_web.png\",\"contentUrl\":\"https:\\\/\\\/mvscada.com\\\/public\\\/wp-content\\\/uploads\\\/2021\\\/11\\\/cropped-cropped-Logo_web.png\",\"width\":3281,\"height\":1064,\"caption\":\"Megavatio Proyectos S.L.\"},\"image\":{\"@id\":\"https:\\\/\\\/mvscada.com\\\/public\\\/#\\\/schema\\\/logo\\\/image\\\/\"}}]}<\/script>\n<!-- \/ Yoast SEO plugin. -->","yoast_head_json":{"title":"Pol\u00edtica de Privacidad - MVScada","robots":{"index":"index","follow":"follow","max-snippet":"max-snippet:-1","max-image-preview":"max-image-preview:large","max-video-preview":"max-video-preview:-1"},"canonical":"https:\/\/mvscada.com\/public\/politica-de-privacidad\/","og_locale":"es_ES","og_type":"article","og_title":"Pol\u00edtica de Privacidad - MVScada","og_description":"1. DATOS DEL RESPONSABLE DEL TRATAMIENTO Raz\u00f3n Social: MEGAVATIO PROYECTOS SL (en adelante, la \u201cEmpresa\u201d o el \u201cResponsable\u201d). CIF: B47782966 Domicilio: C\/ CARPINTERIA 1 NAVE F &#8211; 47610 &#8211; ZARATAN &#8211; VALLADOLID Tel\u00e9fono: 625031125 (laborables de 07:00 a 15:00) Email para comunicaciones en materia de Protecci\u00f3n de datos: admon [arroba] megaproyectos.es 1.1. Normativa aplicable Nuestra","og_url":"https:\/\/mvscada.com\/public\/politica-de-privacidad\/","og_site_name":"MVScada","article_modified_time":"2020-03-21T09:44:07+00:00","twitter_card":"summary_large_image","twitter_misc":{"Tiempo de lectura":"6 minutos"},"schema":{"@context":"https:\/\/schema.org","@graph":[{"@type":"WebPage","@id":"https:\/\/mvscada.com\/public\/politica-de-privacidad\/","url":"https:\/\/mvscada.com\/public\/politica-de-privacidad\/","name":"Pol\u00edtica de Privacidad - MVScada","isPartOf":{"@id":"https:\/\/mvscada.com\/public\/#website"},"datePublished":"2015-01-11T12:24:07+00:00","dateModified":"2020-03-21T09:44:07+00:00","breadcrumb":{"@id":"https:\/\/mvscada.com\/public\/politica-de-privacidad\/#breadcrumb"},"inLanguage":"es","potentialAction":[{"@type":"ReadAction","target":["https:\/\/mvscada.com\/public\/politica-de-privacidad\/"]}]},{"@type":"BreadcrumbList","@id":"https:\/\/mvscada.com\/public\/politica-de-privacidad\/#breadcrumb","itemListElement":[{"@type":"ListItem","position":1,"name":"Portada","item":"https:\/\/mvscada.com\/public\/"},{"@type":"ListItem","position":2,"name":"Pol\u00edtica de Privacidad"}]},{"@type":"WebSite","@id":"https:\/\/mvscada.com\/public\/#website","url":"https:\/\/mvscada.com\/public\/","name":"MVScada","description":"Monitorizaci\u00f3n, control y gesti\u00f3n de instalaciones solares fotovoltaicas","publisher":{"@id":"https:\/\/mvscada.com\/public\/#organization"},"potentialAction":[{"@type":"SearchAction","target":{"@type":"EntryPoint","urlTemplate":"https:\/\/mvscada.com\/public\/?s={search_term_string}"},"query-input":{"@type":"PropertyValueSpecification","valueRequired":true,"valueName":"search_term_string"}}],"inLanguage":"es"},{"@type":"Organization","@id":"https:\/\/mvscada.com\/public\/#organization","name":"Megavatio Proyectos S.L.","url":"https:\/\/mvscada.com\/public\/","logo":{"@type":"ImageObject","inLanguage":"es","@id":"https:\/\/mvscada.com\/public\/#\/schema\/logo\/image\/","url":"https:\/\/mvscada.com\/public\/wp-content\/uploads\/2021\/11\/cropped-cropped-Logo_web.png","contentUrl":"https:\/\/mvscada.com\/public\/wp-content\/uploads\/2021\/11\/cropped-cropped-Logo_web.png","width":3281,"height":1064,"caption":"Megavatio Proyectos S.L."},"image":{"@id":"https:\/\/mvscada.com\/public\/#\/schema\/logo\/image\/"}}]}},"_links":{"self":[{"href":"https:\/\/mvscada.com\/public\/wp-json\/wp\/v2\/pages\/88","targetHints":{"allow":["GET"]}}],"collection":[{"href":"https:\/\/mvscada.com\/public\/wp-json\/wp\/v2\/pages"}],"about":[{"href":"https:\/\/mvscada.com\/public\/wp-json\/wp\/v2\/types\/page"}],"author":[{"embeddable":true,"href":"https:\/\/mvscada.com\/public\/wp-json\/wp\/v2\/users\/1"}],"replies":[{"embeddable":true,"href":"https:\/\/mvscada.com\/public\/wp-json\/wp\/v2\/comments?post=88"}],"version-history":[{"count":8,"href":"https:\/\/mvscada.com\/public\/wp-json\/wp\/v2\/pages\/88\/revisions"}],"predecessor-version":[{"id":923,"href":"https:\/\/mvscada.com\/public\/wp-json\/wp\/v2\/pages\/88\/revisions\/923"}],"wp:attachment":[{"href":"https:\/\/mvscada.com\/public\/wp-json\/wp\/v2\/media?parent=88"}],"curies":[{"name":"wp","href":"https:\/\/api.w.org\/{rel}","templated":true}]}}